{"id":57,"date":"2015-08-26T21:41:13","date_gmt":"2015-08-26T18:41:13","guid":{"rendered":"http:\/\/kuyumcukesesi.com\/?post_type=product&#038;p=57"},"modified":"2015-10-07T03:37:17","modified_gmt":"2015-10-07T00:37:17","slug":"lale-ceyrek-ziynet-altin-taki-kesesi-kadife-kirmizi-kuyumcu-kesesi","status":"publish","type":"product","link":"https:\/\/kuyumcukesesi.com\/?product=lale-ceyrek-ziynet-altin-taki-kesesi-kadife-kirmizi-kuyumcu-kesesi","title":{"rendered":"Lale \u00c7eyrek Ziynet Alt\u0131n Tak\u0131 Kesesi, Kadife, Bordo Kuyumcu Kesesi"},"content":{"rendered":"<p>Lale \u00c7eyrek Ziynet Alt\u0131n Tak\u0131 Kesesi,<\/p>\n<p>Kadife,<\/p>\n<p>K\u0131rm\u0131z\u0131<\/p>\n<p>En:\u00a06,5 cm, Boy:\u00a08 cm.<\/p>\n","protected":false},"excerpt":{"rendered":"<p>Lale \u00c7eyrek Ziynet Alt\u0131n Tak\u0131 Kesesi, Kadife, K\u0131rm\u0131z\u0131 En:\u00a06,5 cm, Boy:\u00a08 cm.<\/p>\n","protected":false},"featured_media":0,"comment_status":"closed","ping_status":"closed","template":"","meta":[],"product_brand":[],"product_cat":[8],"product_tag":[11,15,18,16,14,17,12,13],"class_list":{"0":"post-57","1":"product","2":"type-product","3":"status-publish","5":"product_cat-kuyumcu-keseleri","6":"product_tag-altin-kesesi","7":"product_tag-baskisiz-kese","8":"product_tag-ceyrek-altin-kesesi","9":"product_tag-kadife-kese","10":"product_tag-kuyumcu-kesesi","11":"product_tag-lale-kese","12":"product_tag-taki-kesesi","13":"product_tag-ziynet-kesesi","15":"first","16":"instock","17":"featured","18":"shipping-taxable","19":"product-type-simple"},"_links":{"self":[{"href":"https:\/\/kuyumcukesesi.com\/index.php?rest_route=\/wp\/v2\/product\/57","targetHints":{"allow":["GET"]}}],"collection":[{"href":"https:\/\/kuyumcukesesi.com\/index.php?rest_route=\/wp\/v2\/product"}],"about":[{"href":"https:\/\/kuyumcukesesi.com\/index.php?rest_route=\/wp\/v2\/types\/product"}],"replies":[{"embeddable":true,"href":"https:\/\/kuyumcukesesi.com\/index.php?rest_route=%2Fwp%2Fv2%2Fcomments&post=57"}],"wp:attachment":[{"href":"https:\/\/kuyumcukesesi.com\/index.php?rest_route=%2Fwp%2Fv2%2Fmedia&parent=57"}],"wp:term":[{"taxonomy":"product_brand","embeddable":true,"href":"https:\/\/kuyumcukesesi.com\/index.php?rest_route=%2Fwp%2Fv2%2Fproduct_brand&post=57"},{"taxonomy":"product_cat","embeddable":true,"href":"https:\/\/kuyumcukesesi.com\/index.php?rest_route=%2Fwp%2Fv2%2Fproduct_cat&post=57"},{"taxonomy":"product_tag","embeddable":true,"href":"https:\/\/kuyumcukesesi.com\/index.php?rest_route=%2Fwp%2Fv2%2Fproduct_tag&post=57"}],"curies":[{"name":"wp","href":"https:\/\/api.w.org\/{rel}","templated":true}]}}