{"id":73,"date":"2015-08-31T15:15:59","date_gmt":"2015-08-31T12:15:59","guid":{"rendered":"http:\/\/kuyumcukesesi.com\/?post_type=product&#038;p=73"},"modified":"2015-10-07T03:34:33","modified_gmt":"2015-10-07T00:34:33","slug":"ceyrek-ziynet-altin-taki-kesesi-kadife-yesil-kuyumcu-kesesi-2","status":"publish","type":"product","link":"https:\/\/kuyumcukesesi.com\/?product=ceyrek-ziynet-altin-taki-kesesi-kadife-yesil-kuyumcu-kesesi-2","title":{"rendered":"\u00c7eyrek Ziynet Alt\u0131n Tak\u0131 Kesesi, Kadife, Ye\u015fil Kuyumcu Kesesi"},"content":{"rendered":"<p>\u00c7eyrek Ziynet Alt\u0131n Tak\u0131 Kesesi,<\/p>\n<p>Kadife,<\/p>\n<p>Ye\u015fil<\/p>\n","protected":false},"excerpt":{"rendered":"<p>\u00c7eyrek Ziynet Alt\u0131n Tak\u0131 Kesesi, Kadife, Ye\u015fil<\/p>\n","protected":false},"featured_media":0,"comment_status":"closed","ping_status":"closed","template":"","meta":[],"product_brand":[],"product_cat":[8],"product_tag":[11,15,18,16,14,17,12,13],"class_list":{"0":"post-73","1":"product","2":"type-product","3":"status-publish","5":"product_cat-kuyumcu-keseleri","6":"product_tag-altin-kesesi","7":"product_tag-baskisiz-kese","8":"product_tag-ceyrek-altin-kesesi","9":"product_tag-kadife-kese","10":"product_tag-kuyumcu-kesesi","11":"product_tag-lale-kese","12":"product_tag-taki-kesesi","13":"product_tag-ziynet-kesesi","15":"first","16":"instock","17":"shipping-taxable","18":"product-type-simple"},"_links":{"self":[{"href":"https:\/\/kuyumcukesesi.com\/index.php?rest_route=\/wp\/v2\/product\/73","targetHints":{"allow":["GET"]}}],"collection":[{"href":"https:\/\/kuyumcukesesi.com\/index.php?rest_route=\/wp\/v2\/product"}],"about":[{"href":"https:\/\/kuyumcukesesi.com\/index.php?rest_route=\/wp\/v2\/types\/product"}],"replies":[{"embeddable":true,"href":"https:\/\/kuyumcukesesi.com\/index.php?rest_route=%2Fwp%2Fv2%2Fcomments&post=73"}],"wp:attachment":[{"href":"https:\/\/kuyumcukesesi.com\/index.php?rest_route=%2Fwp%2Fv2%2Fmedia&parent=73"}],"wp:term":[{"taxonomy":"product_brand","embeddable":true,"href":"https:\/\/kuyumcukesesi.com\/index.php?rest_route=%2Fwp%2Fv2%2Fproduct_brand&post=73"},{"taxonomy":"product_cat","embeddable":true,"href":"https:\/\/kuyumcukesesi.com\/index.php?rest_route=%2Fwp%2Fv2%2Fproduct_cat&post=73"},{"taxonomy":"product_tag","embeddable":true,"href":"https:\/\/kuyumcukesesi.com\/index.php?rest_route=%2Fwp%2Fv2%2Fproduct_tag&post=73"}],"curies":[{"name":"wp","href":"https:\/\/api.w.org\/{rel}","templated":true}]}}